{"id":466,"date":"2025-07-22T00:56:11","date_gmt":"2025-07-21T21:56:11","guid":{"rendered":"https:\/\/nidaproject.net\/?page_id=466"},"modified":"2025-12-30T15:35:15","modified_gmt":"2025-12-30T12:35:15","slug":"news","status":"publish","type":"page","link":"https:\/\/nidaproject.net\/index.php\/news\/","title":{"rendered":"News"},"content":{"rendered":"\n<h2 class=\"wp-block-heading\">2nd Consortium Meeting<\/h2>\n\n\n\n<p>2nd Consortium Meeting in Bucharest \/Romania<\/p>\n\n\n\n<p>(15.12.2025)<\/p>\n\n\n\n<figure class=\"wp-block-gallery has-nested-images columns-default is-cropped wp-block-gallery-1 is-layout-flex wp-block-gallery-is-layout-flex\">\n<figure class=\"wp-block-image size-large\"><img loading=\"lazy\" decoding=\"async\" width=\"1024\" height=\"576\" data-id=\"626\" src=\"https:\/\/nidaproject.net\/wp-content\/uploads\/2025\/12\/1-2-1024x576.jpg\" alt=\"\" class=\"wp-image-626\" srcset=\"https:\/\/nidaproject.net\/wp-content\/uploads\/2025\/12\/1-2-1024x576.jpg 1024w, https:\/\/nidaproject.net\/wp-content\/uploads\/2025\/12\/1-2-300x169.jpg 300w, https:\/\/nidaproject.net\/wp-content\/uploads\/2025\/12\/1-2.jpg 1440w\" sizes=\"auto, (max-width: 1024px) 100vw, 1024px\" \/><\/figure>\n\n\n\n<figure class=\"wp-block-image size-large\"><img loading=\"lazy\" decoding=\"async\" width=\"1024\" height=\"576\" data-id=\"628\" src=\"https:\/\/nidaproject.net\/wp-content\/uploads\/2025\/12\/2-2-1024x576.jpg\" alt=\"\" class=\"wp-image-628\" srcset=\"https:\/\/nidaproject.net\/wp-content\/uploads\/2025\/12\/2-2-1024x576.jpg 1024w, https:\/\/nidaproject.net\/wp-content\/uploads\/2025\/12\/2-2-300x169.jpg 300w, https:\/\/nidaproject.net\/wp-content\/uploads\/2025\/12\/2-2.jpg 1440w\" sizes=\"auto, (max-width: 1024px) 100vw, 1024px\" \/><\/figure>\n\n\n\n<figure class=\"wp-block-image size-large\"><img loading=\"lazy\" decoding=\"async\" width=\"1024\" height=\"511\" data-id=\"625\" src=\"https:\/\/nidaproject.net\/wp-content\/uploads\/2025\/12\/5-1-1024x511.jpeg\" alt=\"\" class=\"wp-image-625\" srcset=\"https:\/\/nidaproject.net\/wp-content\/uploads\/2025\/12\/5-1-1024x511.jpeg 1024w, https:\/\/nidaproject.net\/wp-content\/uploads\/2025\/12\/5-1-300x150.jpeg 300w, https:\/\/nidaproject.net\/wp-content\/uploads\/2025\/12\/5-1.jpeg 1600w\" sizes=\"auto, (max-width: 1024px) 100vw, 1024px\" \/><\/figure>\n\n\n\n<figure class=\"wp-block-image size-large\"><img loading=\"lazy\" decoding=\"async\" width=\"1024\" height=\"576\" data-id=\"624\" src=\"https:\/\/nidaproject.net\/wp-content\/uploads\/2025\/12\/3-2-1024x576.jpg\" alt=\"\" class=\"wp-image-624\" srcset=\"https:\/\/nidaproject.net\/wp-content\/uploads\/2025\/12\/3-2-1024x576.jpg 1024w, https:\/\/nidaproject.net\/wp-content\/uploads\/2025\/12\/3-2-300x169.jpg 300w, https:\/\/nidaproject.net\/wp-content\/uploads\/2025\/12\/3-2.jpg 1440w\" sizes=\"auto, (max-width: 1024px) 100vw, 1024px\" \/><\/figure>\n\n\n\n<figure class=\"wp-block-image size-large\"><img loading=\"lazy\" decoding=\"async\" width=\"1024\" height=\"577\" data-id=\"627\" src=\"https:\/\/nidaproject.net\/wp-content\/uploads\/2025\/12\/6-1024x577.jpeg\" alt=\"\" class=\"wp-image-627\" srcset=\"https:\/\/nidaproject.net\/wp-content\/uploads\/2025\/12\/6-1024x577.jpeg 1024w, https:\/\/nidaproject.net\/wp-content\/uploads\/2025\/12\/6-300x169.jpeg 300w, https:\/\/nidaproject.net\/wp-content\/uploads\/2025\/12\/6.jpeg 2000w\" sizes=\"auto, (max-width: 1024px) 100vw, 1024px\" \/><\/figure>\n<\/figure>\n\n\n\n<p><\/p>\n\n\n\n<h2 class=\"wp-block-heading\">1st Consortium Meeting<\/h2>\n\n\n\n<p>As part of our Erasmus+ project \u201cNature of Aquatic Environment: Inclusion and Rising Awareness in Diverse Societies \u2013 NIDA,\u201d the 1st Consortium Meeting and Training of Trainers was held in T\u00fcrkiye from June 23\u201325, 2025, hosted by Karadeniz Technical University.<\/p>\n\n\n\n<figure class=\"wp-block-gallery has-nested-images columns-default is-cropped wp-block-gallery-2 is-layout-flex wp-block-gallery-is-layout-flex\">\n<figure class=\"wp-block-image size-large\"><img loading=\"lazy\" decoding=\"async\" width=\"1024\" height=\"576\" data-id=\"600\" src=\"https:\/\/nidaproject.net\/wp-content\/uploads\/2025\/12\/res-1-1-1024x576.jpeg\" alt=\"\" class=\"wp-image-600\" srcset=\"https:\/\/nidaproject.net\/wp-content\/uploads\/2025\/12\/res-1-1-1024x576.jpeg 1024w, https:\/\/nidaproject.net\/wp-content\/uploads\/2025\/12\/res-1-1-300x169.jpeg 300w, https:\/\/nidaproject.net\/wp-content\/uploads\/2025\/12\/res-1-1.jpeg 1600w\" sizes=\"auto, (max-width: 1024px) 100vw, 1024px\" \/><\/figure>\n\n\n\n<figure class=\"wp-block-image size-large\"><img loading=\"lazy\" decoding=\"async\" width=\"1024\" height=\"576\" data-id=\"605\" src=\"https:\/\/nidaproject.net\/wp-content\/uploads\/2025\/12\/res-2-1024x576.jpeg\" alt=\"\" class=\"wp-image-605\" srcset=\"https:\/\/nidaproject.net\/wp-content\/uploads\/2025\/12\/res-2-1024x576.jpeg 1024w, https:\/\/nidaproject.net\/wp-content\/uploads\/2025\/12\/res-2-300x169.jpeg 300w, https:\/\/nidaproject.net\/wp-content\/uploads\/2025\/12\/res-2.jpeg 1536w\" sizes=\"auto, (max-width: 1024px) 100vw, 1024px\" \/><\/figure>\n\n\n\n<figure class=\"wp-block-image size-large\"><img loading=\"lazy\" decoding=\"async\" width=\"1024\" height=\"576\" data-id=\"601\" src=\"https:\/\/nidaproject.net\/wp-content\/uploads\/2025\/12\/res-3-1024x576.jpeg\" alt=\"\" class=\"wp-image-601\" srcset=\"https:\/\/nidaproject.net\/wp-content\/uploads\/2025\/12\/res-3-1024x576.jpeg 1024w, https:\/\/nidaproject.net\/wp-content\/uploads\/2025\/12\/res-3-300x169.jpeg 300w, https:\/\/nidaproject.net\/wp-content\/uploads\/2025\/12\/res-3.jpeg 1536w\" sizes=\"auto, (max-width: 1024px) 100vw, 1024px\" \/><\/figure>\n\n\n\n<figure class=\"wp-block-image size-large\"><img loading=\"lazy\" decoding=\"async\" width=\"1024\" height=\"576\" data-id=\"607\" src=\"https:\/\/nidaproject.net\/wp-content\/uploads\/2025\/12\/res-4-1024x576.jpeg\" alt=\"\" class=\"wp-image-607\" srcset=\"https:\/\/nidaproject.net\/wp-content\/uploads\/2025\/12\/res-4-1024x576.jpeg 1024w, https:\/\/nidaproject.net\/wp-content\/uploads\/2025\/12\/res-4-300x169.jpeg 300w, https:\/\/nidaproject.net\/wp-content\/uploads\/2025\/12\/res-4.jpeg 1600w\" sizes=\"auto, (max-width: 1024px) 100vw, 1024px\" \/><\/figure>\n\n\n\n<figure class=\"wp-block-image size-large\"><img loading=\"lazy\" decoding=\"async\" width=\"1024\" height=\"576\" data-id=\"604\" src=\"https:\/\/nidaproject.net\/wp-content\/uploads\/2025\/12\/res-5-1024x576.jpeg\" alt=\"\" class=\"wp-image-604\" srcset=\"https:\/\/nidaproject.net\/wp-content\/uploads\/2025\/12\/res-5-1024x576.jpeg 1024w, https:\/\/nidaproject.net\/wp-content\/uploads\/2025\/12\/res-5-300x169.jpeg 300w, https:\/\/nidaproject.net\/wp-content\/uploads\/2025\/12\/res-5.jpeg 1600w\" sizes=\"auto, (max-width: 1024px) 100vw, 1024px\" \/><\/figure>\n\n\n\n<figure class=\"wp-block-image size-large\"><img loading=\"lazy\" decoding=\"async\" width=\"1024\" height=\"576\" data-id=\"606\" src=\"https:\/\/nidaproject.net\/wp-content\/uploads\/2025\/12\/res-6-1024x576.jpeg\" alt=\"\" class=\"wp-image-606\" srcset=\"https:\/\/nidaproject.net\/wp-content\/uploads\/2025\/12\/res-6-1024x576.jpeg 1024w, https:\/\/nidaproject.net\/wp-content\/uploads\/2025\/12\/res-6-300x169.jpeg 300w, https:\/\/nidaproject.net\/wp-content\/uploads\/2025\/12\/res-6.jpeg 1600w\" sizes=\"auto, (max-width: 1024px) 100vw, 1024px\" \/><\/figure>\n\n\n\n<figure class=\"wp-block-image size-large\"><img loading=\"lazy\" decoding=\"async\" width=\"1024\" height=\"576\" data-id=\"608\" src=\"https:\/\/nidaproject.net\/wp-content\/uploads\/2025\/12\/res-7-1024x576.jpeg\" alt=\"\" class=\"wp-image-608\" srcset=\"https:\/\/nidaproject.net\/wp-content\/uploads\/2025\/12\/res-7-1024x576.jpeg 1024w, https:\/\/nidaproject.net\/wp-content\/uploads\/2025\/12\/res-7-300x169.jpeg 300w, https:\/\/nidaproject.net\/wp-content\/uploads\/2025\/12\/res-7.jpeg 1600w\" sizes=\"auto, (max-width: 1024px) 100vw, 1024px\" \/><\/figure>\n\n\n\n<figure class=\"wp-block-image size-large\"><img loading=\"lazy\" decoding=\"async\" width=\"1024\" height=\"575\" data-id=\"603\" src=\"https:\/\/nidaproject.net\/wp-content\/uploads\/2025\/12\/res-8-1024x575.jpeg\" alt=\"\" class=\"wp-image-603\" srcset=\"https:\/\/nidaproject.net\/wp-content\/uploads\/2025\/12\/res-8-1024x575.jpeg 1024w, https:\/\/nidaproject.net\/wp-content\/uploads\/2025\/12\/res-8-300x169.jpeg 300w, https:\/\/nidaproject.net\/wp-content\/uploads\/2025\/12\/res-8.jpeg 1600w\" sizes=\"auto, (max-width: 1024px) 100vw, 1024px\" \/><\/figure>\n\n\n\n<figure class=\"wp-block-image size-large\"><img loading=\"lazy\" decoding=\"async\" width=\"1024\" height=\"576\" data-id=\"602\" src=\"https:\/\/nidaproject.net\/wp-content\/uploads\/2025\/12\/res-9-1024x576.jpeg\" alt=\"\" class=\"wp-image-602\" srcset=\"https:\/\/nidaproject.net\/wp-content\/uploads\/2025\/12\/res-9-1024x576.jpeg 1024w, https:\/\/nidaproject.net\/wp-content\/uploads\/2025\/12\/res-9-300x169.jpeg 300w, https:\/\/nidaproject.net\/wp-content\/uploads\/2025\/12\/res-9.jpeg 1536w\" sizes=\"auto, (max-width: 1024px) 100vw, 1024px\" \/><\/figure>\n<\/figure>\n\n\n\n<div style=\"height:100px\" aria-hidden=\"true\" class=\"wp-block-spacer\"><\/div>\n\n\n\n<h2 class=\"wp-block-heading\">Kick-off Meeting of the Erasmus+ NIDA Project Held in T\u00fcrkiye<\/h2>\n\n\n\n<p>As part of our Erasmus+ project \u201cNature of Aquatic Environment: Inclusion and Rising Awareness in Diverse Societies \u2013 NIDA,\u201d the Kick-off Meeting was held in T\u00fcrkiye on February 24\u201325, 2025, hosted by Karadeniz Technical University.<\/p>\n\n\n\n<p>The event marked the official launch of the project, bringing together all partners to align on objectives, share responsibilities, and plan upcoming activities focused on inclusive and sustainable environmental education related to aquatic ecosystems.<\/p>\n\n\n\n<figure class=\"wp-block-gallery has-nested-images columns-default is-cropped wp-block-gallery-3 is-layout-flex wp-block-gallery-is-layout-flex\">\n<figure class=\"wp-block-image size-large\"><img loading=\"lazy\" decoding=\"async\" width=\"1024\" height=\"576\" data-id=\"473\" src=\"https:\/\/nidaproject.net\/wp-content\/uploads\/2025\/07\/WhatsApp-Image-2025-07-22-at-00.07.54-1024x576.jpeg\" alt=\"\" class=\"wp-image-473\" srcset=\"https:\/\/nidaproject.net\/wp-content\/uploads\/2025\/07\/WhatsApp-Image-2025-07-22-at-00.07.54-1024x576.jpeg 1024w, https:\/\/nidaproject.net\/wp-content\/uploads\/2025\/07\/WhatsApp-Image-2025-07-22-at-00.07.54-300x169.jpeg 300w, https:\/\/nidaproject.net\/wp-content\/uploads\/2025\/07\/WhatsApp-Image-2025-07-22-at-00.07.54.jpeg 1200w\" sizes=\"auto, (max-width: 1024px) 100vw, 1024px\" \/><\/figure>\n\n\n\n<figure class=\"wp-block-image size-large\"><img loading=\"lazy\" decoding=\"async\" width=\"1024\" height=\"576\" data-id=\"474\" src=\"https:\/\/nidaproject.net\/wp-content\/uploads\/2025\/07\/WhatsApp-Image-2025-07-22-at-00.07.01-1024x576.jpeg\" alt=\"\" class=\"wp-image-474\" srcset=\"https:\/\/nidaproject.net\/wp-content\/uploads\/2025\/07\/WhatsApp-Image-2025-07-22-at-00.07.01-1024x576.jpeg 1024w, https:\/\/nidaproject.net\/wp-content\/uploads\/2025\/07\/WhatsApp-Image-2025-07-22-at-00.07.01-300x169.jpeg 300w, https:\/\/nidaproject.net\/wp-content\/uploads\/2025\/07\/WhatsApp-Image-2025-07-22-at-00.07.01.jpeg 1280w\" sizes=\"auto, (max-width: 1024px) 100vw, 1024px\" \/><\/figure>\n\n\n\n<figure class=\"wp-block-image size-large\"><img loading=\"lazy\" decoding=\"async\" width=\"1024\" height=\"768\" data-id=\"475\" src=\"https:\/\/nidaproject.net\/wp-content\/uploads\/2025\/07\/WhatsApp-Image-2025-07-22-at-00.06.15-1024x768.jpeg\" alt=\"\" class=\"wp-image-475\" srcset=\"https:\/\/nidaproject.net\/wp-content\/uploads\/2025\/07\/WhatsApp-Image-2025-07-22-at-00.06.15-1024x768.jpeg 1024w, https:\/\/nidaproject.net\/wp-content\/uploads\/2025\/07\/WhatsApp-Image-2025-07-22-at-00.06.15-300x225.jpeg 300w, https:\/\/nidaproject.net\/wp-content\/uploads\/2025\/07\/WhatsApp-Image-2025-07-22-at-00.06.15.jpeg 1600w\" sizes=\"auto, (max-width: 1024px) 100vw, 1024px\" \/><\/figure>\n\n\n\n<figure class=\"wp-block-image size-large\"><img loading=\"lazy\" decoding=\"async\" width=\"1024\" height=\"768\" data-id=\"476\" src=\"https:\/\/nidaproject.net\/wp-content\/uploads\/2025\/07\/WhatsApp-Image-2025-07-21-at-23.55.49-1-1024x768.jpeg\" alt=\"\" class=\"wp-image-476\" srcset=\"https:\/\/nidaproject.net\/wp-content\/uploads\/2025\/07\/WhatsApp-Image-2025-07-21-at-23.55.49-1-1024x768.jpeg 1024w, https:\/\/nidaproject.net\/wp-content\/uploads\/2025\/07\/WhatsApp-Image-2025-07-21-at-23.55.49-1-300x225.jpeg 300w, https:\/\/nidaproject.net\/wp-content\/uploads\/2025\/07\/WhatsApp-Image-2025-07-21-at-23.55.49-1.jpeg 1600w\" sizes=\"auto, (max-width: 1024px) 100vw, 1024px\" \/><\/figure>\n<\/figure>\n\n\n\n<figure class=\"wp-block-embed is-type-wp-embed is-provider-trabzon-360-haber-trabzon-haber-trabzonspor-haberleri wp-block-embed-trabzon-360-haber-trabzon-haber-trabzonspor-haberleri\"><div class=\"wp-block-embed__wrapper\">\n<blockquote class=\"wp-embedded-content\" data-secret=\"ZNBrZkii5E\"><a href=\"https:\/\/trabzon360haber.com\/ktu-onculugunde-3-ulkede-iklim-degisikligi-farkindaligi-artirilacak\/\">KT\u00dc \u00f6nc\u00fcl\u00fc\u011f\u00fcnde 3 \u00fclkede iklim de\u011fi\u015fikli\u011fi fark\u0131ndal\u0131\u011f\u0131 art\u0131r\u0131lacak!<\/a><\/blockquote><iframe loading=\"lazy\" class=\"wp-embedded-content\" sandbox=\"allow-scripts\" security=\"restricted\" style=\"position: absolute; visibility: hidden;\" title=\"&#8220;KT\u00dc \u00f6nc\u00fcl\u00fc\u011f\u00fcnde 3 \u00fclkede iklim de\u011fi\u015fikli\u011fi fark\u0131ndal\u0131\u011f\u0131 art\u0131r\u0131lacak!&#8221; &#8212; Trabzon 360 Haber | Trabzon Haber - Trabzonspor Haberleri\" src=\"https:\/\/trabzon360haber.com\/ktu-onculugunde-3-ulkede-iklim-degisikligi-farkindaligi-artirilacak\/embed\/#?secret=qVpFacvfSk#?secret=ZNBrZkii5E\" data-secret=\"ZNBrZkii5E\" width=\"600\" height=\"338\" frameborder=\"0\" marginwidth=\"0\" marginheight=\"0\" scrolling=\"no\"><\/iframe>\n<\/div><\/figure>\n\n\n\n<p><a href=\"https:\/\/www.trabzonhaber24.com\/ktu-onculugunde-3-ulkede-iklim-degisikligi-farkindaligi-olusturulacak\">https:\/\/www.trabzonhaber24.com\/ktu-onculugunde-3-ulkede-iklim-degisikligi-farkindaligi-olusturulacak<\/a><\/p>\n\n\n\n<p><a href=\"https:\/\/www.karadenizdesonnokta.com.tr\/ktu-onculugunde-3-ulkede-iklim-degisikligi-farkindaligi-olusturulacak\">https:\/\/www.karadenizdesonnokta.com.tr\/ktu-onculugunde-3-ulkede-iklim-degisikligi-farkindaligi-olusturulacak<\/a><\/p>\n\n\n\n<p><a href=\"https:\/\/www.kuzeyekspres.com.tr\/haber\/23921109\/ktuden-cevre-bilinci-yukselten-proje-nida-basladi\">https:\/\/www.kuzeyekspres.com.tr\/haber\/23921109\/ktuden-cevre-bilinci-yukselten-proje-nida-basladi<\/a><\/p>\n\n\n\n<p><\/p>\n","protected":false},"excerpt":{"rendered":"<p>2nd Consortium Meeting 2nd Consortium Meeting in Bucharest \/Romania (15.12.2025) 1st Consortium Meeting As part of our Erasmus+ project \u201cNature of Aquatic Environment: Inclusion and Rising Awareness in Diverse Societies \u2013 NIDA,\u201d the 1st Consortium Meeting and Training of Trainers was held in T\u00fcrkiye from June 23\u201325, 2025, hosted by Karadeniz Technical University. Kick-off Meeting &hellip; <\/p>\n<p class=\"link-more\"><a href=\"https:\/\/nidaproject.net\/index.php\/news\/\" class=\"more-link\">Read more<span class=\"screen-reader-text\"> &#8220;News&#8221;<\/span><\/a><\/p>\n","protected":false},"author":1,"featured_media":0,"parent":0,"menu_order":0,"comment_status":"closed","ping_status":"closed","template":"","meta":{"footnotes":""},"class_list":["post-466","page","type-page","status-publish","hentry"],"_links":{"self":[{"href":"https:\/\/nidaproject.net\/index.php\/wp-json\/wp\/v2\/pages\/466","targetHints":{"allow":["GET"]}}],"collection":[{"href":"https:\/\/nidaproject.net\/index.php\/wp-json\/wp\/v2\/pages"}],"about":[{"href":"https:\/\/nidaproject.net\/index.php\/wp-json\/wp\/v2\/types\/page"}],"author":[{"embeddable":true,"href":"https:\/\/nidaproject.net\/index.php\/wp-json\/wp\/v2\/users\/1"}],"replies":[{"embeddable":true,"href":"https:\/\/nidaproject.net\/index.php\/wp-json\/wp\/v2\/comments?post=466"}],"version-history":[{"count":7,"href":"https:\/\/nidaproject.net\/index.php\/wp-json\/wp\/v2\/pages\/466\/revisions"}],"predecessor-version":[{"id":629,"href":"https:\/\/nidaproject.net\/index.php\/wp-json\/wp\/v2\/pages\/466\/revisions\/629"}],"wp:attachment":[{"href":"https:\/\/nidaproject.net\/index.php\/wp-json\/wp\/v2\/media?parent=466"}],"curies":[{"name":"wp","href":"https:\/\/api.w.org\/{rel}","templated":true}]}}